
2, 337, 1579, 3697
List the prime factors of 45249353.
45249353
List the prime factors of 3979539440.
2, 5, 31, 37, 1399
What are the prime factors of 85802187?
3, 431, 66359
List the prime factors of 17267683.
41, 421163
What are the prime factors of 69392111?
69392111
What are the prime factors of 251741253?
3, 17, 290359
List the prime factors of 563364066.
2, 3, 93894011
What are the prime factors of 347278941?
3, 17, 19, 39821
What are the prime factors of 250854035?
5, 53, 151, 6269
List the prime factors of 105891630.
2, 3, 5, 13, 271517
List the prime factors of 45775498.
2, 61, 375209
List the prime factors of 92465359.
7, 23, 71, 8089
List the prime factors of 4672472018.
2, 73, 103, 310711
What are the prime factors of 3638521928?
2, 19991, 22751
List the prime factors of 31490378.
2, 41, 384029
List the prime factors of 326965395.
3, 5, 19, 1147247
What are the prime factors of 205357000?
2, 5, 205357
List the prime factors of 127535154.
2, 3, 21255859
List the prime factors of 423499710.
2, 3, 5, 14116657
List the prime factors of 500581076.
2, 877, 142697
List the prime factors of 681863613.
3, 367, 619313
What are the prime factors of 1003508046?
2, 3, 41, 199, 6833
What are the prime factors of 3203619041?
7, 139, 449, 7333
What are the prime factors of 895021268?
2, 37, 59, 102499
List the prime factors of 622754784.
2, 3, 31, 23251
What are the prime factors of 116051610?
2, 3, 5, 37, 104551
What are the prime factors of 2565537259?
101, 181, 140339
List the prime factors of 16660233.
3, 421, 4397
What are the prime factors of 47203568?
2, 2950223
What are the prime factors of 1315684244?
2, 7, 43, 71, 15391
List the prime factors of 113492597.
113492597
What are the prime factors of 60257047?
73, 825439
List the prime factors of 2630247014.
2, 79, 16647133
What are the prime factors of 8068010?
2, 5, 806801
List the prime factors of 91110463.
17, 79, 179, 379
What are the prime factors of 83544909?
3, 7, 3978329
List the prime factors of 4374542503.
2357, 1855979
What are the prime factors of 299604554?
2, 149802277
What are the prime factors of 160608266?
2, 7, 13, 59, 14957
List the prime factors of 35034123.
3, 31, 449, 839
What are the prime factors of 76658111?
76658111
List the prime factors of 573457648.
2, 35841103
List the prime factors of 69049834.
2, 7, 31, 389, 409
What are the prime factors of 4055033392?
2, 17, 53, 83, 3389
List the prime factors of 78752851.
23, 3424037
List the prime factors of 122874254.
2, 19, 3233533
List the prime factors of 604867567.
31, 2243, 8699
List the prime factors of 888981694.
2, 23, 19325689
What are the prime factors of 841771151?
13, 1949, 33223
What are the prime factors of 114733503?
3, 43, 32941
What are the prime factors of 6967336506?
2, 3, 13, 601, 148627
List the prime factors of 22784448.
2, 3, 118669
What are the prime factors of 5064816759?
3, 18251, 92503
What are the prime factors of 2105870181?
3, 12491, 56197
What are the prime factors of 1747009551?
3, 7, 23, 3616997
What are the prime factors of 23868348?
2, 3, 7, 67, 4241
List the prime factors of 11258880.
2, 3, 5, 733
List the prime factors of 518004115.
5, 3313, 31271
List the prime factors of 716821597.
716821597
List the prime factors of 232052475.
3, 5, 3094033
What are the prime factors of 71600691?
3, 23866897
What are the prime factors of 62889919?
17, 3699407
List the prime factors of 1676982431.
107, 15672733
List the prime factors of 263950521.
3, 87983507
List the prime factors of 362914925.
5, 61, 237977
What are the prime factors of 3430032?
2, 3, 19, 3761
List the prime factors of 83317461.
3, 127, 218681
What are the prime factors of 76423841?
13, 449, 13093
List the prime factors of 8141173.
967, 8419
List the prime factors of 1462424722.
2, 11, 66473851
What are the prime factors of 724772831?
541, 1339691
List the prime factors of 2840500.
2, 5, 13, 19, 23
What are the prime factors of 401961450?
2, 3, 5, 11, 243613
What are the prime factors of 5017990793?
17, 295175929
List the prime factors of 14307480.
2, 3, 5, 11, 3613
What are the prime factors of 2209670479?
15391, 143569
List the prime factors of 502035541.
7, 137, 353, 1483
List the prime factors of 498647829.
3, 4219, 39397
List the prime factors of 9541718.
2, 227, 21017
List the prime factors of 139979562.
2, 3, 3967, 5881
What are the prime factors of 32230795?
5, 6446159
What are the prime factors of 8020217986?
2, 11, 2719, 134077
What are the prime factors of 46940393?
19, 337, 7331
List the prime factors of 242101450.
2, 5, 23, 210523
What are the prime factors of 2574370929?
3, 13, 349, 189139
List the prime factors of 128003354.
2, 571, 112087
List the prime factors of 44991862.
2, 1201, 18731
What are the prime factors of 282288557?
282288557
List the prime factors of 346715615.
5, 191, 439, 827
What are the prime factors of 389982998?
2, 194991499
What are the prime factors of 1182375118?
2, 591187559
What are the prime factors of 50104299?
3, 7, 2385919
List the prime factors of 7983994518.
2, 3, 53, 223, 37529
What are the prime factors of 823031230?
2, 5, 7, 11757589
What are the prime factors of 52264959?
3, 523, 33311
List the prime factors of 511047482.
2, 11, 1367, 16993
What are the prime factors of 471681558?
2, 3, 17, 263, 5861
List the prime factors of 560173036.
2, 140043259
What are the prime factors of 6323378025?
3, 5, 4093, 20599
What are the prime factors of 136202348?
2, 34050587
List the prime factors of 27198032.
2, 1699877
List the prime factors of 102940649.
7, 593, 24799
What are the prime factors of 353459643?
3, 2161, 54521
List the prime factors of 1189305175.
5, 47572207
What are the prime factors of 2017426597?
3169, 636613
What are the prime factors of 33491450?
2, 5, 23, 29123
What are the prime factors of 53702867?
29, 89, 20807
What are the prime factors of 1053635093?
7, 109, 197273
What are the prime factors of 13375014?
2, 3, 2229169
What are the prime factors of 697094612?
2, 199, 547, 1601
What are the prime factors of 448428999?
3, 23, 73, 127, 701
What are the prime factors of 19534918?
2, 13, 751343
What are the prime factors of 216760457?
1103, 196519
What are the prime factors of 51351383?
419, 122557
List the prime factors of 30841525.
5, 11, 13, 8627
List the prime factors of 513356038.
2, 13, 17, 1161439
List the prime factors of 43593801.
3, 14531267
List the prime factors of 14671680.
2, 3, 5, 17, 29, 31
List the prime factors of 310212148.
2, 43, 283, 6373
What are the prime factors of 96919418?
2, 19, 59, 139, 311
What are the prime factors of 255915770?
2, 5, 11, 2326507
List the prime factors of 19524842.
2, 409, 23869
List the prime factors of 1339903802.
2, 669951901
List the prime factors of 597309030.
2, 3, 5, 6636767
What are the prime factors of 2319774757?
29, 691, 115763
What are the prime factors of 71462933?
19, 149, 25243
What are the prime factors of 3145252671?
3, 11, 17, 1868837
List the prime factors of 84855694.
2, 7, 11, 23, 23957
What are the prime factors of 2587114595?
5, 13, 39801763
List the prime factors of 235334303.
59, 3988717
List the prime factors of 2455091872.
2, 31, 313, 7907
List the prime factors of 127894524.
2, 3, 29, 227, 1619
List the prime factors of 166107950.
2, 5, 3322159
What are the prime factors of 370350012?
2, 3, 30862501
What are the prime factors of 1269744734?
2, 179, 1453, 2441
List the prime factors of 2166682666.
2, 1083341333
List the prime factors of 78287523.
3, 37, 705293
What are the prime factors of 4056420793?
4056420793
What are the prime factors of 2928352?
2, 7, 17, 769
List the prime factors of 2195148203.
2195148203
What are the prime factors of 43220273?
17, 41, 59, 1051
List the prime factors of 4127462837.
3923, 1052119
What are the prime factors of 3133173011?
251, 12482761
What are the prime factors of 129120433?
13, 607, 16363
What are the prime factors of 21012607?
7, 11, 67, 4073
List the prime factors of 62688198.
2, 3, 29, 360277
List the prime factors of 343771676.
2, 8069, 10651
What are the prime factors of 27467468?
2, 7, 37, 26513
What are the prime factors of 657740347?
11, 19, 3147083
What are the prime factors of 25890861?
3, 37, 233251
What are the prime factors of 2058801635?
5, 1